[INFO] cloning repository https://github.com/pshc/orca
[INFO] running `Command { std: "git" "-c" "credential.helper=" "-c" "credential.helper=/workspace/cargo-home/bin/git-credential-null" "clone" "--bare" "https://github.com/pshc/orca" "/workspace/cache/git-repos/https%3A%2F%2Fgithub.com%2Fpshc%2Forca", kill_on_drop: false }`
[INFO] [stderr] Cloning into bare repository '/workspace/cache/git-repos/https%3A%2F%2Fgithub.com%2Fpshc%2Forca'...
[INFO] running `Command { std: "git" "rev-parse" "HEAD", kill_on_drop: false }`
[INFO] [stdout] 077a6ed37c6d907b601bf6a09950ad2848172505
[INFO] checking pshc/orca against master#af3c6e733a40e671550e0f0f5aeecaa13772ba56 for pr-74989
[INFO] running `Command { std: "git" "clone" "/workspace/cache/git-repos/https%3A%2F%2Fgithub.com%2Fpshc%2Forca" "/workspace/builds/worker-1/source", kill_on_drop: false }`
[INFO] [stderr] Cloning into '/workspace/builds/worker-1/source'...
[INFO] [stderr] done.
[INFO] validating manifest of git repo https://github.com/pshc/orca on toolchain af3c6e733a40e671550e0f0f5aeecaa13772ba56
[INFO] running `Command { std: "/workspace/cargo-home/bin/cargo" "+af3c6e733a40e671550e0f0f5aeecaa13772ba56" "read-manifest" "--manifest-path" "Cargo.toml", kill_on_drop: false }`
[INFO] started tweaking git repo https://github.com/pshc/orca
[INFO] finished tweaking git repo https://github.com/pshc/orca
[INFO] tweaked toml for git repo https://github.com/pshc/orca written to /workspace/builds/worker-1/source/Cargo.toml
[INFO] crate git repo https://github.com/pshc/orca already has a lockfile, it will not be regenerated
[INFO] running `Command { std: "/workspace/cargo-home/bin/cargo" "+af3c6e733a40e671550e0f0f5aeecaa13772ba56" "fetch" "--locked" "--manifest-path" "Cargo.toml", kill_on_drop: false }`
[INFO] [stderr] error: the lock file /workspace/builds/worker-1/source/Cargo.lock needs to be updated but --locked was passed to prevent this
[INFO] [stderr] If you want to try to generate the lock file without accessing the network, use the --offline flag.
[INFO] the lockfile is outdated, regenerating it
[INFO] running `Command { std: "/workspace/cargo-home/bin/cargo" "+af3c6e733a40e671550e0f0f5aeecaa13772ba56" "generate-lockfile" "--manifest-path" "Cargo.toml" "-Zno-index-update", kill_on_drop: false }`
[INFO] running `Command { std: "/workspace/cargo-home/bin/cargo" "+af3c6e733a40e671550e0f0f5aeecaa13772ba56" "fetch" "--locked" "--manifest-path" "Cargo.toml", kill_on_drop: false }`
[INFO] running `Command { std: "docker" "create" "-v" "/var/lib/crater-agent-workspace/builds/worker-1/target:/opt/rustwide/target:rw,Z" "-v" "/var/lib/crater-agent-workspace/builds/worker-1/source:/opt/rustwide/workdir:ro,Z" "-v" "/var/lib/crater-agent-workspace/cargo-home:/opt/rustwide/cargo-home:ro,Z" "-v" "/var/lib/crater-agent-workspace/rustup-home:/opt/rustwide/rustup-home:ro,Z" "-e" "SOURCE_DIR=/opt/rustwide/workdir" "-e" "CARGO_TARGET_DIR=/opt/rustwide/target" "-e" "CARGO_HOME=/opt/rustwide/cargo-home" "-e" "RUSTUP_HOME=/opt/rustwide/rustup-home" "-w" "/opt/rustwide/workdir" "-m" "1610612736" "--user" "0:0" "--network" "none" "rustops/crates-build-env@sha256:d92eaeed33fa75130ca1ee6c8a01d1ffb62bac859dfdfb3450e3e5d1c0146529" "/opt/rustwide/cargo-home/bin/cargo" "+af3c6e733a40e671550e0f0f5aeecaa13772ba56" "metadata" "--no-deps" "--format-version=1", kill_on_drop: false }`
[INFO] [stdout] 5d9871567cfecf35d3e12e130925189555fc7af6a55807f51427baacd089aaee
[INFO] [stderr] WARNING: Your kernel does not support swap limit capabilities or the cgroup is not mounted. Memory limited without swap.
[INFO] running `Command { std: "docker" "start" "-a" "5d9871567cfecf35d3e12e130925189555fc7af6a55807f51427baacd089aaee", kill_on_drop: false }`
[INFO] running `Command { std: "docker" "inspect" "5d9871567cfecf35d3e12e130925189555fc7af6a55807f51427baacd089aaee", kill_on_drop: false }`
[INFO] running `Command { std: "docker" "rm" "-f" "5d9871567cfecf35d3e12e130925189555fc7af6a55807f51427baacd089aaee", kill_on_drop: false }`
[INFO] [stdout] 5d9871567cfecf35d3e12e130925189555fc7af6a55807f51427baacd089aaee
[INFO] running `Command { std: "docker" "create" "-v" "/var/lib/crater-agent-workspace/builds/worker-1/target:/opt/rustwide/target:rw,Z" "-v" "/var/lib/crater-agent-workspace/builds/worker-1/source:/opt/rustwide/workdir:ro,Z" "-v" "/var/lib/crater-agent-workspace/cargo-home:/opt/rustwide/cargo-home:ro,Z" "-v" "/var/lib/crater-agent-workspace/rustup-home:/opt/rustwide/rustup-home:ro,Z" "-e" "SOURCE_DIR=/opt/rustwide/workdir" "-e" "CARGO_TARGET_DIR=/opt/rustwide/target" "-e" "CARGO_INCREMENTAL=0" "-e" "RUST_BACKTRACE=full" "-e" "RUSTFLAGS=--cap-lints=forbid" "-e" "CARGO_HOME=/opt/rustwide/cargo-home" "-e" "RUSTUP_HOME=/opt/rustwide/rustup-home" "-w" "/opt/rustwide/workdir" "-m" "1610612736" "--user" "0:0" "--network" "none" "rustops/crates-build-env@sha256:d92eaeed33fa75130ca1ee6c8a01d1ffb62bac859dfdfb3450e3e5d1c0146529" "/opt/rustwide/cargo-home/bin/cargo" "+af3c6e733a40e671550e0f0f5aeecaa13772ba56" "check" "--frozen" "--all" "--all-targets" "--message-format=json", kill_on_drop: false }`
[INFO] [stdout] 3c21fa0e8c9596885a4b7bd9dc6c76e8bcbb0190bfbc43d746f0d1ae8e0566a6
[INFO] [stderr] WARNING: Your kernel does not support swap limit capabilities or the cgroup is not mounted. Memory limited without swap.
[INFO] running `Command { std: "docker" "start" "-a" "3c21fa0e8c9596885a4b7bd9dc6c76e8bcbb0190bfbc43d746f0d1ae8e0566a6", kill_on_drop: false }`
[INFO] [stderr]    Compiling autocfg v1.0.1
[INFO] [stderr]    Compiling log v0.4.11
[INFO] [stderr]    Compiling xml-rs v0.8.3
[INFO] [stderr]    Compiling byteorder v1.3.4
[INFO] [stderr]    Compiling proc-macro2 v0.4.30
[INFO] [stderr]    Compiling unicode-xid v0.1.0
[INFO] [stderr]    Compiling pkg-config v0.3.18
[INFO] [stderr]     Checking scopeguard v1.1.0
[INFO] [stderr]    Compiling libloading v0.6.3
[INFO] [stderr]    Compiling cc v1.0.59
[INFO] [stderr]    Compiling nix v0.14.1
[INFO] [stderr]     Checking slab v0.4.2
[INFO] [stderr]     Checking downcast-rs v1.2.0
[INFO] [stderr]    Compiling rayon-core v1.8.0
[INFO] [stderr]     Checking xdg v2.2.0
[INFO] [stderr]     Checking smallvec v1.4.2
[INFO] [stderr]    Compiling crc32fast v1.2.0
[INFO] [stderr]     Checking adler v0.2.3
[INFO] [stderr]     Checking percent-encoding v2.1.0
[INFO] [stderr]     Checking instant v0.1.6
[INFO] [stderr]     Checking lzw v0.10.0
[INFO] [stderr]     Checking gimli v0.22.0
[INFO] [stderr]     Checking rustc-demangle v0.1.16
[INFO] [stderr]     Checking color_quant v1.0.1
[INFO] [stderr]     Checking object v0.20.0
[INFO] [stderr]     Checking scoped_threadpool v0.1.9
[INFO] [stderr]     Checking bytemuck v1.4.1
[INFO] [stderr]     Checking takeable-option v0.5.0
[INFO] [stderr]     Checking fnv v1.0.7
[INFO] [stderr]     Checking lock_api v0.3.4
[INFO] [stderr]     Checking iovec v0.1.4
[INFO] [stderr]     Checking net2 v0.2.35
[INFO] [stderr]     Checking memmap v0.7.0
[INFO] [stderr]     Checking parking_lot_core v0.7.2
[INFO] [stderr]     Checking num_cpus v1.13.0
[INFO] [stderr]     Checking shared_library v0.1.9
[INFO] [stderr]     Checking raw-window-handle v0.3.3
[INFO] [stderr]     Checking gif v0.10.3
[INFO] [stderr]    Compiling cmake v0.1.44
[INFO] [stderr]     Checking dlib v0.4.2
[INFO] [stderr]    Compiling num-traits v0.2.12
[INFO] [stderr]    Compiling memoffset v0.5.5
[INFO] [stderr]    Compiling crossbeam-utils v0.7.2
[INFO] [stderr]    Compiling crossbeam-epoch v0.8.2
[INFO] [stderr]    Compiling num-integer v0.1.43
[INFO] [stderr]    Compiling miniz_oxide v0.4.2
[INFO] [stderr]    Compiling rayon v1.4.0
[INFO] [stderr]    Compiling num-rational v0.3.0
[INFO] [stderr]    Compiling num-iter v0.1.41
[INFO] [stderr]     Checking parking_lot v0.10.2
[INFO] [stderr]    Compiling gl_generator v0.14.0
[INFO] [stderr]     Checking osmesa-sys v0.1.2
[INFO] [stderr]     Checking mio v0.6.22
[INFO] [stderr]     Checking wayland-sys v0.23.6
[INFO] [stderr]    Compiling x11-dl v2.18.5
[INFO] [stderr]    Compiling quote v0.6.13
[INFO] [stderr]     Checking stb_truetype v0.3.1
[INFO] [stderr]     Checking deflate v0.8.6
[INFO] [stderr]     Checking tiff v0.5.0
[INFO] [stderr]    Compiling libloading v0.5.2
[INFO] [stderr]    Compiling freetype-sys v0.13.1
[INFO] [stderr]     Checking crossbeam-channel v0.4.4
[INFO] [stderr]    Compiling wayland-scanner v0.23.6
[INFO] [stderr]     Checking mio-extras v2.0.6
[INFO] [stderr]     Checking png v0.16.7
[INFO] [stderr]     Checking crossbeam-deque v0.7.3
[INFO] [stderr]     Checking ordered-float v1.1.0
[INFO] [stderr]     Checking approx v0.3.2
[INFO] [stderr]     Checking line_drawing v0.7.0
[INFO] [stderr]    Compiling glutin_glx_sys v0.1.7
[INFO] [stderr]    Compiling glutin_egl_sys v0.1.5
[INFO] [stderr]    Compiling glium v0.27.0
[INFO] [stderr]     Checking rusttype v0.8.3
[INFO] [stderr]     Checking freetype-rs v0.26.0
[INFO] [stderr]     Checking addr2line v0.13.0
[INFO] [stderr]     Checking rusttype v0.7.9
[INFO] [stderr]     Checking andrew v0.2.1
[INFO] [stderr]     Checking backtrace v0.3.50
[INFO] [stderr]    Compiling wayland-client v0.23.6
[INFO] [stderr]    Compiling wayland-protocols v0.23.6
[INFO] [stderr]     Checking calloop v0.4.4
[INFO] [stderr]     Checking wayland-commons v0.23.6
[INFO] [stderr]     Checking jpeg-decoder v0.1.20
[INFO] [stderr]     Checking image v0.23.9
[INFO] [stderr]     Checking smithay-client-toolkit v0.6.6
[INFO] [stderr]     Checking winit v0.22.2
[INFO] [stderr]     Checking glutin v0.24.1
[INFO] [stderr]     Checking narf v0.1.0 (/opt/rustwide/workdir)
[INFO] [stdout] error[E0425]: cannot find value `RENDER` in module `ft::face`
[INFO] [stdout]   --> src/presses/freetype.rs:48:61
[INFO] [stdout]    |
[INFO] [stdout] 48 |             try!(self.face.load_char(ch as usize, ft::face::RENDER));
[INFO] [stdout]    |                                                             ^^^^^^ not found in `ft::face`
[INFO] [stdout] 
[INFO] [stdout] 
[INFO] [stdout] error[E0425]: cannot find value `DEFAULT` in module `ft::face`
[INFO] [stdout]   --> src/presses/freetype.rs:79:61
[INFO] [stdout]    |
[INFO] [stdout] 79 |             try!(self.face.load_char(ch as usize, ft::face::DEFAULT));
[INFO] [stdout]    |                                                             ^^^^^^^ not found in `ft::face`
[INFO] [stdout] 
[INFO] [stdout] 
[INFO] [stdout] error[E0425]: cannot find function, tuple struct or tuple variant `ImageLuma8` in crate `image`
[INFO] [stdout]    --> src/main.rs:455:12
[INFO] [stdout]     |
[INFO] [stdout] 455 |     image::ImageLuma8(img).save(fout, image::PNG).unwrap();
[INFO] [stdout]     |            ^^^^^^^^^^ not found in `image`
[INFO] [stdout]     |
[INFO] [stdout] help: consider importing this tuple variant
[INFO] [stdout]     |
[INFO] [stdout] 11  | use image::DynamicImage::ImageLuma8;
[INFO] [stdout]     |
[INFO] [stdout] 
[INFO] [stdout] 
[INFO] [stdout] error[E0425]: cannot find value `PNG` in crate `image`
[INFO] [stdout]    --> src/main.rs:455:46
[INFO] [stdout]     |
[INFO] [stdout] 455 |     image::ImageLuma8(img).save(fout, image::PNG).unwrap();
[INFO] [stdout]     |                                              ^^^ not found in `image`
[INFO] [stdout] 
[INFO] [stdout] 
[INFO] [stdout] error[E0432]: unresolved import `glium::DisplayBuild`
[INFO] [stdout]   --> src/scene.rs:97:9
[INFO] [stdout]    |
[INFO] [stdout] 97 |     use glium::DisplayBuild;
[INFO] [stdout]    |         ^^^^^^^^^^^^^^^^^^^ no `DisplayBuild` in the root
[INFO] [stdout] 
[INFO] [stdout] 
[INFO] [stdout] error[E0432]: unresolved import `glium::glutin::Event`
[INFO] [stdout]    --> src/scene.rs:116:32
[INFO] [stdout]     |
[INFO] [stdout] 116 |             use glium::glutin::Event::*;
[INFO] [stdout]     |                                ^^^^^ could not find `Event` in `glutin`
[INFO] [stdout] 
[INFO] [stdout] 
[INFO] [stdout] warning: use of deprecated macro `try`: use the `?` operator instead
[INFO] [stdout]   --> src/presses/freetype.rs:19:19
[INFO] [stdout]    |
[INFO] [stdout] 19 |         let lib = try!(ft::Library::init());
[INFO] [stdout]    |                   ^^^
[INFO] [stdout]    |
[INFO] [stdout]    = note: `#[warn(deprecated)]` on by default
[INFO] [stdout] 
[INFO] [stdout] 
[INFO] [stdout] warning: use of deprecated macro `try`: use the `?` operator instead
[INFO] [stdout]   --> src/presses/freetype.rs:20:20
[INFO] [stdout]    |
[INFO] [stdout] 20 |         let face = try!(lib.new_face(ttf, 0));
[INFO] [stdout]    |                    ^^^
[INFO] [stdout] 
[INFO] [stdout] 
[INFO] [stdout] warning: use of deprecated macro `try`: use the `?` operator instead
[INFO] [stdout]   --> src/presses/freetype.rs:21:9
[INFO] [stdout]    |
[INFO] [stdout] 21 |         try!(face.set_char_size(pt * 64, 0, dpi, 0));
[INFO] [stdout]    |         ^^^
[INFO] [stdout] 
[INFO] [stdout] 
[INFO] [stdout] warning: use of deprecated macro `try`: use the `?` operator instead
[INFO] [stdout]   --> src/presses/freetype.rs:48:13
[INFO] [stdout]    |
[INFO] [stdout] 48 |             try!(self.face.load_char(ch as usize, ft::face::RENDER));
[INFO] [stdout]    |             ^^^
[INFO] [stdout] 
[INFO] [stdout] 
[INFO] [stdout] warning: use of deprecated macro `try`: use the `?` operator instead
[INFO] [stdout]   --> src/presses/freetype.rs:79:13
[INFO] [stdout]    |
[INFO] [stdout] 79 |             try!(self.face.load_char(ch as usize, ft::face::DEFAULT));
[INFO] [stdout]    |             ^^^
[INFO] [stdout] 
[INFO] [stdout] 
[INFO] [stdout] warning: trait objects without an explicit `dyn` are deprecated
[INFO] [stdout]    --> src/main.rs:246:28
[INFO] [stdout]     |
[INFO] [stdout] 246 |     fn germinate<F: FnMut(&Wood)>(&self, shoot: &mut F);
[INFO] [stdout]     |                            ^^^^ help: use `dyn`: `dyn Wood`
[INFO] [stdout]     |
[INFO] [stdout]     = note: `#[warn(bare_trait_objects)]` on by default
[INFO] [stdout] 
[INFO] [stdout] 
[INFO] [stdout] warning: trait objects without an explicit `dyn` are deprecated
[INFO] [stdout]    --> src/main.rs:299:28
[INFO] [stdout]     |
[INFO] [stdout] 299 |     fn germinate<F: FnMut(&Wood)>(&self, shoot: &mut F) {
[INFO] [stdout]     |                            ^^^^ help: use `dyn`: `dyn Wood`
[INFO] [stdout] 
[INFO] [stdout] 
[INFO] [stdout] warning: trait objects without an explicit `dyn` are deprecated
[INFO] [stdout]    --> src/main.rs:350:28
[INFO] [stdout]     |
[INFO] [stdout] 350 |     fn germinate<F: FnMut(&Wood)>(&self, shoot: &mut F) {
[INFO] [stdout]     |                            ^^^^ help: use `dyn`: `dyn Wood`
[INFO] [stdout] 
[INFO] [stdout] 
[INFO] [stdout] warning: trait objects without an explicit `dyn` are deprecated
[INFO] [stdout]    --> src/main.rs:404:28
[INFO] [stdout]     |
[INFO] [stdout] 404 |     fn germinate<F: FnMut(&Wood)>(&self, shoot: &mut F) {
[INFO] [stdout]     |                            ^^^^ help: use `dyn`: `dyn Wood`
[INFO] [stdout] 
[INFO] [stdout] 
[INFO] [stdout] warning: trait objects without an explicit `dyn` are deprecated
[INFO] [stdout]    --> src/main.rs:438:28
[INFO] [stdout]     |
[INFO] [stdout] 438 |     fn germinate<F: FnMut(&Wood)>(&self, shoot: &mut F) {
[INFO] [stdout]     |                            ^^^^ help: use `dyn`: `dyn Wood`
[INFO] [stdout] 
[INFO] [stdout] 
[INFO] [stdout] error[E0107]: wrong number of lifetime arguments: expected 0, found 1
[INFO] [stdout]   --> src/presses/freetype.rs:10:20
[INFO] [stdout]    |
[INFO] [stdout] 10 |     face: ft::Face<'a>,
[INFO] [stdout]    |                    ^^ unexpected lifetime argument
[INFO] [stdout] 
[INFO] [stdout] 
[INFO] [stdout] error: aborting due to 5 previous errors; 10 warnings emitted
[INFO] [stdout] 
[INFO] [stdout] 
[INFO] [stdout] Some errors have detailed explanations: E0107, E0425.
[INFO] [stdout] 
[INFO] [stdout] For more information about an error, try `rustc --explain E0107`.
[INFO] [stdout] 
[INFO] [stdout] error[E0425]: cannot find value `RENDER` in module `ft::face`
[INFO] [stdout]   --> src/presses/freetype.rs:48:61
[INFO] [stdout]    |
[INFO] [stdout] 48 |             try!(self.face.load_char(ch as usize, ft::face::RENDER));
[INFO] [stdout]    |                                                             ^^^^^^ not found in `ft::face`
[INFO] [stdout] 
[INFO] [stdout] 
[INFO] [stderr] error: could not compile `narf`.
[INFO] [stdout] error[E0425]: cannot find value `DEFAULT` in module `ft::face`
[INFO] [stdout]   --> src/presses/freetype.rs:79:61
[INFO] [stdout]    |
[INFO] [stdout] 79 |             try!(self.face.load_char(ch as usize, ft::face::DEFAULT));
[INFO] [stdout]    |                                                             ^^^^^^^ not found in `ft::face`
[INFO] [stdout] 
[INFO] [stdout] 
[INFO] [stderr] 
[INFO] [stdout] error[E0433]: failed to resolve: could not find `WindowBuilder` in `glutin`
[INFO] [stdout]   --> src/scene.rs:98:34
[INFO] [stdout]    |
[INFO] [stdout] 98 |     let display = glium::glutin::WindowBuilder::new()
[INFO] [stdout]    |                                  ^^^^^^^^^^^^^ not found in `glium::glutin`
[INFO] [stdout]    |
[INFO] [stdout] help: consider importing this struct
[INFO] [stdout]    |
[INFO] [stdout] 1  | use glium::glutin::window::WindowBuilder;
[INFO] [stdout]    |
[INFO] [stdout] 
[INFO] [stdout] 
[INFO] [stderr] To learn more, run the command again with --verbose.
[INFO] [stdout] error[E0531]: cannot find tuple struct or tuple variant `ReceivedCharacter` in this scope
[INFO] [stdout]    --> src/scene.rs:119:17
[INFO] [stdout]     |
[INFO] [stdout] 119 |                 ReceivedCharacter('q') => break 'main,
[INFO] [stdout]     |                 ^^^^^^^^^^^^^^^^^ not found in this scope
[INFO] [stdout]     |
[INFO] [stdout] help: consider importing this tuple variant
[INFO] [stdout]     |
[INFO] [stdout] 1   | use glium::glutin::event::WindowEvent::ReceivedCharacter;
[INFO] [stdout]     |
[INFO] [stdout] 
[INFO] [stdout] 
[INFO] [stderr] warning: build failed, waiting for other jobs to finish...
[INFO] [stdout] error[E0425]: cannot find function, tuple struct or tuple variant `ImageLuma8` in crate `image`
[INFO] [stdout]    --> src/main.rs:455:12
[INFO] [stdout]     |
[INFO] [stdout] 455 |     image::ImageLuma8(img).save(fout, image::PNG).unwrap();
[INFO] [stdout]     |            ^^^^^^^^^^ not found in `image`
[INFO] [stdout]     |
[INFO] [stdout] help: consider importing this tuple variant
[INFO] [stdout]     |
[INFO] [stdout] 11  | use image::DynamicImage::ImageLuma8;
[INFO] [stdout]     |
[INFO] [stdout] 
[INFO] [stdout] 
[INFO] [stdout] error[E0425]: cannot find value `PNG` in crate `image`
[INFO] [stdout]    --> src/main.rs:455:46
[INFO] [stdout]     |
[INFO] [stdout] 455 |     image::ImageLuma8(img).save(fout, image::PNG).unwrap();
[INFO] [stdout]     |                                              ^^^ not found in `image`
[INFO] [stdout] 
[INFO] [stdout] 
[INFO] [stdout] warning: use of deprecated macro `try`: use the `?` operator instead
[INFO] [stdout]   --> src/presses/freetype.rs:19:19
[INFO] [stdout]    |
[INFO] [stdout] 19 |         let lib = try!(ft::Library::init());
[INFO] [stdout]    |                   ^^^
[INFO] [stdout]    |
[INFO] [stdout]    = note: `#[warn(deprecated)]` on by default
[INFO] [stdout] 
[INFO] [stdout] 
[INFO] [stdout] warning: use of deprecated macro `try`: use the `?` operator instead
[INFO] [stdout]   --> src/presses/freetype.rs:20:20
[INFO] [stdout]    |
[INFO] [stdout] 20 |         let face = try!(lib.new_face(ttf, 0));
[INFO] [stdout]    |                    ^^^
[INFO] [stdout] 
[INFO] [stdout] 
[INFO] [stdout] warning: use of deprecated macro `try`: use the `?` operator instead
[INFO] [stdout]   --> src/presses/freetype.rs:21:9
[INFO] [stdout]    |
[INFO] [stdout] 21 |         try!(face.set_char_size(pt * 64, 0, dpi, 0));
[INFO] [stdout]    |         ^^^
[INFO] [stdout] 
[INFO] [stdout] 
[INFO] [stdout] warning: use of deprecated macro `try`: use the `?` operator instead
[INFO] [stdout]   --> src/presses/freetype.rs:48:13
[INFO] [stdout]    |
[INFO] [stdout] 48 |             try!(self.face.load_char(ch as usize, ft::face::RENDER));
[INFO] [stdout]    |             ^^^
[INFO] [stdout] 
[INFO] [stdout] 
[INFO] [stdout] warning: use of deprecated macro `try`: use the `?` operator instead
[INFO] [stdout]   --> src/presses/freetype.rs:79:13
[INFO] [stdout]    |
[INFO] [stdout] 79 |             try!(self.face.load_char(ch as usize, ft::face::DEFAULT));
[INFO] [stdout]    |             ^^^
[INFO] [stdout] 
[INFO] [stdout] 
[INFO] [stdout] warning: trait objects without an explicit `dyn` are deprecated
[INFO] [stdout]    --> src/main.rs:246:28
[INFO] [stdout]     |
[INFO] [stdout] 246 |     fn germinate<F: FnMut(&Wood)>(&self, shoot: &mut F);
[INFO] [stdout]     |                            ^^^^ help: use `dyn`: `dyn Wood`
[INFO] [stdout]     |
[INFO] [stdout]     = note: `#[warn(bare_trait_objects)]` on by default
[INFO] [stdout] 
[INFO] [stdout] 
[INFO] [stdout] warning: trait objects without an explicit `dyn` are deprecated
[INFO] [stdout]    --> src/main.rs:299:28
[INFO] [stdout]     |
[INFO] [stdout] 299 |     fn germinate<F: FnMut(&Wood)>(&self, shoot: &mut F) {
[INFO] [stdout]     |                            ^^^^ help: use `dyn`: `dyn Wood`
[INFO] [stdout] 
[INFO] [stdout] 
[INFO] [stdout] warning: trait objects without an explicit `dyn` are deprecated
[INFO] [stdout]    --> src/main.rs:350:28
[INFO] [stdout]     |
[INFO] [stdout] 350 |     fn germinate<F: FnMut(&Wood)>(&self, shoot: &mut F) {
[INFO] [stdout]     |                            ^^^^ help: use `dyn`: `dyn Wood`
[INFO] [stdout] 
[INFO] [stdout] 
[INFO] [stdout] warning: trait objects without an explicit `dyn` are deprecated
[INFO] [stdout]    --> src/main.rs:404:28
[INFO] [stdout]     |
[INFO] [stdout] 404 |     fn germinate<F: FnMut(&Wood)>(&self, shoot: &mut F) {
[INFO] [stdout]     |                            ^^^^ help: use `dyn`: `dyn Wood`
[INFO] [stdout] 
[INFO] [stdout] 
[INFO] [stdout] warning: trait objects without an explicit `dyn` are deprecated
[INFO] [stdout]    --> src/main.rs:438:28
[INFO] [stdout]     |
[INFO] [stdout] 438 |     fn germinate<F: FnMut(&Wood)>(&self, shoot: &mut F) {
[INFO] [stdout]     |                            ^^^^ help: use `dyn`: `dyn Wood`
[INFO] [stdout] 
[INFO] [stdout] 
[INFO] [stdout] error[E0107]: wrong number of lifetime arguments: expected 0, found 1
[INFO] [stdout]   --> src/presses/freetype.rs:10:20
[INFO] [stdout]    |
[INFO] [stdout] 10 |     face: ft::Face<'a>,
[INFO] [stdout]    |                    ^^ unexpected lifetime argument
[INFO] [stdout] 
[INFO] [stdout] 
[INFO] [stdout] error: aborting due to 9 previous errors; 10 warnings emitted
[INFO] [stdout] 
[INFO] [stdout] 
[INFO] [stdout] Some errors have detailed explanations: E0107, E0425, E0432, E0433, E0531.
[INFO] [stdout] 
[INFO] [stdout] For more information about an error, try `rustc --explain E0107`.
[INFO] [stdout] 
[INFO] [stderr] error: build failed
[INFO] running `Command { std: "docker" "inspect" "3c21fa0e8c9596885a4b7bd9dc6c76e8bcbb0190bfbc43d746f0d1ae8e0566a6", kill_on_drop: false }`
[INFO] running `Command { std: "docker" "rm" "-f" "3c21fa0e8c9596885a4b7bd9dc6c76e8bcbb0190bfbc43d746f0d1ae8e0566a6", kill_on_drop: false }`
[INFO] [stdout] 3c21fa0e8c9596885a4b7bd9dc6c76e8bcbb0190bfbc43d746f0d1ae8e0566a6
